eatest common factor of g and 19.
19
Let m = 260 + -182. Let p(a) = 4*a + 61. Let j be p(14). Calculate the highest common factor of m and j.
39
Let y = 2237 + -2141. What is the highest common factor of y and 444?
12
Suppose 10*v = 9*v + 5. Let r be 108/v + 34/85. Let m be -1 + (-265 - 2)/(-3). Calculate the highest common factor of r and m.
22
Let j = -57 + 81. Suppose 5*x - 5*m - 85 = 0, -5*x - 4*m + 32 = -4*x. Let r be x/4 - (-2)/2. Calculate the highest common divisor of j and r.
6
Let j = -1550 - -1569. Calculate the greatest common divisor of 1539 and j.
19
Let b(g) = 6*g + 7. Let w be b(11). Let i(l) = l**3 + 8*l**2 - l - 7. Let v be i(-7). Let c = w - v. What is the greatest common factor of c and 216?
24
Suppose -341 + 55 = -2*a. Suppose 4*k = 6*k - 4. Suppose -5*r + 5*t = -85, -4*r - k*t + 32 = 3*t. What is the greatest common factor of r and a?
13
Let k = 154 + -44. Suppose -2*g + k = -0*g. Suppose 0 = -3*i - m + 38, -3*i + 3*m + 8 = -2*m. What is the highest common factor of i and g?
11
Let i = 410 + -423. Suppose 2*v = 7*v - 85. Let j = i + v. Calculate the highest common divisor of 32 and j.
4
Suppose 7*j - 2*j = -55. Let f be 2*(15/18 - (-8)/(-6)). Let x = f - j. What is the greatest common divisor of 90 and x?
10
Let n be (-28)/8 - (-1)/(-2). Let p be 2/(n/(-10)) + -1. Suppose 0 = -p*g + 13 + 15. What is the highest common divisor of g and 7?
7
Suppose 6579 = -65*i + 74*i. Calculate the greatest common divisor of 86 and i.
43
Suppose 0*y = 6*y. Let s(d) = 7*d + 8. Let h be s(y). Calculate the greatest common factor of h and 40.
8
Suppose 0 = -3*b + 5*b - 10. Suppose -b*p + 32 = -8. Let w = p + -6. Calculate the greatest common factor of w and 4.
2
Suppose 3*x = -d + 8563, 3*d + 14295 = 16*x - 11*x. What is the greatest common factor of 21 and x?
21
Let m = -1441 + 1442. What is the highest common divisor of m and 125?
1
Suppose -80 = -l + 3*n - 39, 2*n = -5*l + 256. What is the greatest common divisor of l and 90?
10
Let m be 0 - (2 - 1 - 35). Let o be 12/2*(-1)/(-3). Suppose 0 = -5*v - o + 87. What is the greatest common factor of m and v?
17
Let o(i) = 11*i**2 - i - 6. Let c be o(4). Let v = c + -110. What is the highest common divisor of v and 8?
8
Let v be 12/36 + (-44)/6. Let w = v + 10. Let s = 11 + w. What is the highest common factor of 112 and s?
14
Let a(h) = -h**3 + 8*h**2 + 12*h + 18. Let r be a(8). Let c = -68 + r. Let k(o) = 116*o**2 - 1. Let d be k(1). What is the greatest common factor of c and d?
23
Suppose 4*u + z - 99 = 18, 4*u = 3*z + 97. Calculate the highest common divisor of u and 98.
14
Suppose 4*r - 200 = -2*w, 0 = 3*r + 5*w + 109 - 259. Let f(z) = 7*z**2 + 6*z + 9. Let d be f(-2). Calculate the greatest common factor of r and d.
25
Let h(p) = 2*p**2 + 21*p + 28. Let n be h(-9). Calculate the greatest common factor of n and 67.
1
Suppose -10 = 2*j + 3*j. Let s be (-1)/(j - 69/(-35)). Let g be (-15)/s - (-59)/7. Calculate the greatest common factor of g and 16.
8
Let p(j) = 9*j**2 + 1. Suppose c = 3*c. Suppose c = t, -5*u - 1 = 3*t - 6. Let n be p(u). What is the highest common factor of n and 5?
5
Suppose 0 = -3*s - 11 + 74. Suppose -5*w - 432 = 4*w. Let a = -41 - w. Calculate the greatest common divisor of a and s.
7
Suppose 0 = 3*f - 0*f + 36. Let z be f/(-30) + (-32)/5. Let v be ((-32)/z)/(8/12). Calculate the highest common factor of v and 2.
2
Let w(m) = 0 + 0*m + 13*m**2 - 4 + 3*m. Let b be w(4). Suppose -86*x = 3*x - 2136. Calculate the greatest common factor of b and x.
24
Let k = -10 - -14. Suppose -13 = -k*h + 7. Let c be ((-3)/2)/((-19)/570). Calculate the greatest common divisor of c and h.
5
Let m(r) = r**3 + 11*r**2 - 26*r + 8. Let w be m(-13). What is the highest common divisor of 40 and w?
8
Suppose 0 = -4*g + 12, 5*g - 93 = -3*q - 0*g. What is the highest common divisor of q and 390?
26
Let h(p) = -20*p - 67. Let g be h(-5). Let m = 6 + g. Suppose 70 = 3*i + 2*b, -3*b = 3*i - 51 - 15. Calculate the highest common factor of i and m.
13
Suppose 5*i + 1 = 16. Suppose -i*z = -17 - 46. Calculate the highest common factor of 147 and z.
21
Let k = -3 - -5. Let h(p) = 0*p**2 + 10*p**k - 10*p - 2*p + 3 + p**3. Let y be h(-11). What is the greatest common factor of y and 2?
2
Let c(g) = g**2 + 17*g - 30. Let b be c(10). What is the highest common factor of b and 96?
48
Suppose 4*k + k = 4*r + 136, r + 100 = 4*k. What is the highest common factor of 78 and k?
6
Let f(r) = 3*r**2 - 4*r - 4. Let m be f(-1). Let b be (1 + -22)/m*20/(-14). What is the greatest common factor of b and 80?
10
Let q(s) = s**2 + 6*s + 6. Let f be q(-5). Let d = -14 + 21. Let v = d - f. Calculate the greatest common divisor of 30 and v.
6
Suppose -u + 325 = 300. Calculate the greatest common factor of 925 and u.
25
Suppose 60 = -5*i - 5*r, -i - 2*r = -4*r + 12. Let b = i - -29. Let c be (-2 - 33/9)*-24. Calculate the highest common factor of b and c.
17
Let l(p) = 5*p**2 - 42*p + 26. Let d be l(9). What is the highest common factor of 477 and d?
53
Let z(x) be the second derivative of -x**3/6 - 3*x**2 + 22*x. Let v be z(-7). Calculate the greatest common divisor of 1 and v.
1
Let h be ((-1725)/(-6) - 60/40) + 4. What is the highest common factor of h and 90?
10
Let h be (-490)/(-45) - (-9)/81. What is the greatest common divisor of h and 1837?
11
Let f = -4601 - -4619. Suppose -3*l + 5 + 1 = 0. What is the highest common divisor of l and f?
2
Suppose 0 = z - 3*k - 199, 2*z + 4*k - 390 = 2*k. Let v = 308 - z. Calculate the greatest common factor of 14 and v.
14
Let h be ((-105)/(-7))/((-70)/(-28)). What is the highest common factor of h and 282?
6
Suppose -5 = -2*c + 3. Let l = c + 1. Let z(a) = 3*a**2 - 7*a + 9. Let g be z(3). What is the greatest common factor of g and l?
5
Let n(m) = 2*m + 16. Let g = 4 + -8. Let b be n(g). What is the highest common divisor of 8 and b?
8
Let h(u) = u**2 - 3*u + 3. Let x be h(2). Let s be (14/x)/(2 - 1). Suppose -193 = 24*g - 1873. Calculate the highest common factor of g and s.
14
Suppose 3*v = -0*v - 12, -b = -4*v - 22. Let q(k) = -4*k - 38. Let w be q(-11). Calculate the highest common factor of b and w.
6
Let o = -324 + 342. What is the highest common divisor of o and 72?
18
Let p(v) = -v**3 + 6*v**2 - 4*v - 3. Let n be p(5). Let b(s) = -20*s**2 - 2 - s**2 + 67*s**2. Let w be b(n). What is the highest common factor of 26 and w?
26
Suppose 0 = -12*c + 11*c + 72. What is the greatest common factor of 792 and c?
72
Suppose -3*b - 4*r = r - 25, 5*b - 48 = -2*r. Suppose -5*l - 50 = -2*g, 0*l = 4*g + 4*l - 100. Calculate the greatest common divisor of g and b.
5
Let x be 45 + 84/12 + -10. What is the highest common factor of 686 and x?
14
Let p = 459 + -137. Calculate the highest common factor of p and 84.
14
Let l be (-8)/(-6)*(-9 - 6/(-2)). Let m be (-4)/l - (-105)/6*1. Suppose 4*j - 129 = -21. Calculate the highest common factor of j and m.
9
Let z be 32/14 + 4/(-14). Suppose 0 = -z*d + 3*d + 6. Let l = d - -14. Calculate the highest common divisor of l and 88.
8
Suppose 0 = 4*c - 8, 0 = -5*b + 6*c - 3*c + 29. Suppose b*p - 46 = 31. Suppose 3*x = y - 7 + 45, 5*x = -5*y + 30. What is the highest common divisor of p and x?
11
Let k(l) be the second derivative of 5*l**4/12 + l**3/2 + l. Let b be k(-5). Suppose 5*i - 4*i - b = 0. Calculate the greatest common divisor of i and 11.
11
Suppose 0 = 5*n + 4*h + 286 - 1665, 0 = -4*n + 3*h + 1097. Suppose -g - c + 22 = 0, 3*c = -g + 4 + 12. What is the highest common divisor of g and n?
25
Suppose 10*j - 209 = 211. Calculate the greatest common factor of 1239 and j.
21
Let w(u) = u**3 + 11*u**2 - 71*u + 22. Let x be w(-15). Calculate the greatest common divisor of x and 34.
17
Suppose 0 = 2*i + 3*q - 36, -62 = -4*i + 4*q - 5*q. What is the greatest common divisor of i and 40?
5
Let o = 9 - 4. Let d(b) = 14*b - 5. Let v be d(o). Let t(n) = -42*n - 268. Let c be t(-7). What is the highest common factor of c and v?
13
Let c = -165 + 326. Calculate the greatest common factor of c and 23.
23
Let n = 226 - 120. Let v be (1 + 1)/6 + n/6. What is the highest common divisor of v and 18?
18
Let h(r) = 8*r + 12. Let n(d) = d + 1. Let s(z) = -h(z) + 5*n(z). Let u be s(-9). What is the greatest common divisor of u and 30?
10
Suppose 5*b - x = 129, 29*b + 